 - 3. Calculate u(-1).
34
Let q(j) = -j**2 - 62*j - 336. What is q(-5)?
-51
Let w(u) = u**3 + 5*u**2 - 9*u + 10. What is w(-6)?
28
Let d(c) = -50*c + 595. Determine d(12).
-5
Let v(d) = -27*d - 154. Determine v(-7).
35
Let k(h) = 767*h + 69046. What is k(-90)?
16
Let h(i) = 1098*i + 39500. Give h(-36).
-28
Let s(r) = -7*r**2 + 2220*r - 2222. Determine s(1).
-9
Let u(l) = 704*l - 31677. Determine u(45).
3
Let t(p) = 7*p**3 + 4*p**2 + 2*p - 4. Determine t(-3).
-163
Let g(h) = 9*h**3 + 133*h**2 - 19*h + 176. Calculate g(-15).
11
Let q(c) = -9*c**2 - 167*c - 739. Give q(-8).
21
Let m(s) = -243*s**2 + 2186*s - 17. What is m(9)?
-26
Let g(s) = -16*s - 220. Calculate g(-22).
132
Let y(x) = 1210*x - 1205. Give y(1).
5
Let g(j) = -137*j + 1789. Give g(13).
8
Let c(m) = -46538*m - 7. Determine c(0).
-7
Let l(i) = -i**2 + 54*i - 42. What is l(53)?
11
Let n(g) = 3*g**2 - 189*g + 238. What is n(62)?
52
Let j(n) = n**2 - 122*n - 1925. Give j(136).
-21
Let p(j) = j**2 - 44*j - 23. Give p(12).
-407
Let b(m) = 35*m + 37. Calculate b(-10).
-313
Let z(s) = 3*s**2 + 61*s - 107. Calculate z(0).
-107
Let m(j) = 4*j**2 + 125*j + 145. What is m(-28)?
-219
Let h(n) = -64*n**2 - 9921*n - 156. Calculate h(-155).
-1
Let n(a) = 7*a**2 - 38*a - 17. Give n(6).
7
Let l(z) = -4*z**3 + 19*z**2 - 8*z + 10. Determine l(4).
26
Let f(d) = 16*d - 273. Give f(15).
-33
Let o(k) = -29*k - 125. Calculate o(-7).
78
Let p(f) = -249*f. Give p(2).
-498
Let y(d) = -d**3 + 16*d**2 + 22*d - 32. Give y(17).
53
Let r(d) = -d**3 - 66*d**2 + 420*d - 842. Calculate r(-72).
22
Let n(a) = -4*a**2 - 79*a - 143. Determine n(-2).
-1
Let c(m) = m**3 - 9*m**2 - 63*m + 542. Calculate c(7).
3
Let x(m) = -32*m**2 + 5*m - 12. Determine x(2).
-130
Let l(d) = 2*d - 121. Give l(13).
-95
Let x(c) = 1086*c + 7639. What is x(-7)?
37
Let i(t) = -t**2 + 779*t - 47061. What is i(66)?
-3
Let a(k) = -2*k**3 - 39*k**2 - 74*k - 7. Calculate a(-2).
1
Let g(j) = -2*j**3 - 50*j**2 + 324*j + 7078. Determine g(-26).
6
Let v(a) = 373*a - 21626. What is v(58)?
8
Let b(h) = h**3 + h**2 - 2*h - 4. Give b(-2).
-4
Let z(p) = -p**3 - 2*p**2 + 18*p + 65. What is z(-3)?
20
Let l(x) = 2*x**2 - 210*x - 1581. What is l(112)?
-13
Let x(f) = -f**3 + 35*f**2 - 35*f - 23. What is x(34)?
-57
Let i(h) = -41*h - 3127. Calculate i(-76).
-11
Let q(o) = -34*o**3 - 3*o**2 + 8*o - 23. Give q(2).
-291
Let w(g) = g**3 + 28*g**2 - 143*g - 107. What is w(5)?
3
Let u(y) = y**2 - 16*y + 43. Give u(3).
4
Let u(z) = 83*z**2 + 807*z - 229. Give u(-10).
1
Let f(c) = 86*c + 396. Give f(-9).
-378
Let j(a) = a**3 + 32*a**2 + 926*a + 27747. What is j(-31)?
2
Let d(i) = -3*i**2 + 62*i + 330. Determine d(25).
5
Let u(h) = 732*h - 775. Give u(1).
-43
Let h(b) = -719*b - 650. Calculate h(-1).
69
Let g(t) = 41*t - 1176. Give g(28).
-28
Let i(s) = 46*s - 1032. Determine i(27).
210
Let q(j) = -60*j**2 + 487*j - 52. Determine q(8).
4
Let z(h) = -85*h - 55. Determine z(2).
-225
Let d(f) = f**2 - 17*f - 122. What is d(-7)?
46
Let c(s) = 2*s**2 - 63*s + 486. Determine c(18).
0
Let s(q) = 217*q + 13908. Determine s(-64).
20
Let h(o) = o**3 - 5*o**2 + 10*o - 7. Give h(5).
43
Let h(s) = -19*s + 380. Determine h(12).
152
Let h(b) = -108*b + 153. Calculate h(1).
45
Let i(g) = -g**2 - 38*g + 1023. What is i(18)?
15
Let a(d) = -2*d**3 - 71*d**2 + 36*d + 79. Calculate a(-36).
79
Let b(r) = -16*r**2 - 490*r - 19. Calculate b(-31).
-205
Let r(b) = 1072*b - 6414. What is r(6)?
18
Let f(x) = x - 23. Calculate f(30).
7
Let p(m) = 67*m + 1154. What is p(-17)?
15
Let v(d) = d**3 + 6*d**2 - 15*d - 15. Determine v(-6).
75
Let t(u) = -u**2 + 70*u - 1469. What is t(25)?
-344
Let t(s) = 3*s**3 + 301*s**2 + 398*s + 205. Calculate t(-99).
7
Let a(v) = -141*v - 9165. Determine a(-65).
0
Let d(j) = -84*j**2 - 259*j + 4. What is d(-3)?
25
Let y(r) = 228*r + 4338. What is y(-19)?
6
Let d(v) = -15*v - 710. Give d(-37).
-155
Let w(h) = -h**3 - 12*h**2 - 15*h + 89. Calculate w(6).
-649
Let g(i) = i**2 - 50*i + 524. What is g(27)?
-97
Let g(b) = 2*b**2 - 26*b + 96. Give g(5).
16
Let k(y) = 2*y**3 - 20*y**2 + 8*y + 26. Give k(9).
-64
Let m(h) = 9*h**2 + 19*h - 2. Give m(-3).
22
Let o(u) = -14*u - 39. Give o(-5).
31
Let s(n) = n**2 + 18*n + 37. What is s(-9)?
-44
Let x(r) = -r**3 - 49*r**2 + 67*r + 845. Determine x(-50).
-5
Let p(h) = -2*h**2 - 51*h + 31. Determine p(-26).
5
Let h(r) = -127*r - 1055. Determine h(-7).
-166
Let f(b) = b**3 - 11*b**2 + 17*b - 80. What is f(12)?
268
Let x(q) = 9828*q - 49186. Calculate x(5).
-46
Let k(n) = -n**3 - 81*n**2 + 92*n + 813. Calculate k(-82).
-7
Let f(j) = j**3 + 25*j**2 - 23*j + 72. Give f(-26).
-6
Let w(v) = v**3 - 9*v**2 + v - 40. Determine w(8).
-96
Let g(j) = -54*j**2 + 17*j + 31. Give g(-2).
-219
Let q(h) = 186*h + 13584. Determine q(-73).
6
Let g(j) = -j**3 - 66*j**2 + 55*j - 819. Determine g(-67).
-15
Let y(u) = 4*u**2 + 591*u - 9234. Give y(-162).
0
Let k(g) = 381*g - 38. Give k(0).
-38
Let n(c) = 3453*c + 10339. Calculate n(-3).
-20
Let z(u) = 359*u - 6828. Give z(19).
-7
Let a(t) = -t**3 + 30*t**2 + 217*t - 24. Give a(36).
12
Let k(l) = -9*l**2 - 325*l + 13. Give k(-36).
49
Let x(a) = 2*a**2 - 126*a + 1976. Give x(29).
4
Let l(k) = -2*k**2 - 72*k - 359. Calculate l(-30).
1
Let c(g) = -6*g**2 - 313*g - 59. Give c(-52).
-7
Let q(w) = -346*w + 11054. Give q(32).
-18
Let f(y) = 8*y**3 - 1216*y**2 - 7*y + 1054. Determine f(152).
-10
Let l(f) = -f**2 - 39*f - 296. What is l(-11)?
12
Let y(i) = -i**3 + 69*i**2 + 368*i + 149. What is y(74)?
1
Let j(t) = 3*t**3 - 2*t**2 - 39*t + 214. Calculate j(4).
218
Let h(o) = 2*o**2 - 40*o - 724. Determine h(36).
428
Let o(h) = 8*h**3 - 10*h**2 - 32*h + 70. Determine o(2).
30
Let p(l) = 142*l - 31512. Calculate p(222).
12
Let y(w) = 16*w**2 - 65*w + 4. What is y(5)?
79
Let b(m) = 13*m + 263. Determine b(-20).
3
Let q(k) = 2*k**3 + 59*k**2 + 33*k + 50. What is q(-29)?
-66
Let r(a) = 12*a - 42. Give r(-1).
-54
Let k(i) = -i**2 - 20*i - 100. Calculate k(-10).
0
Let h(p) = 112*p + 1346. Determine h(-12).
2
Let y(x) = -x**3 + 87*x**2 - 422*x + 979. What is y(82)?
-5
Let c(i) = i**3 - 25*i**2 + 93*i - 593. Determine c(22).
1
Let t(l) = l**3 + 71*l**2 - 385*l - 382. Determine t(-76).
-2
Let u(l) = -l**3 - 46*l**2 + 267*l - 47. Determine u(-51).
-659
Let i(l) = 234*l - 18446. Determine i(79).
40
Let r(q) = 6*q**3 - 21*q**2 + 49*q - 122. What is r(3)?
-2
Let k(o) = o**3 - 48*o**2 - 217*o + 5868. Determine k(50).
18
Let x(d) = 739*d - 743. Calculate x(1).
-4
Let j(r) = -r**3 - 24*r**2 - 71*r + 117. What is j(-21)?
285
Let r(v) = 6*v**3 - 294*v**2 - 323*v + 1159. Determine r(50).
9
Let l(h) = -1814*h - 3624. Calculate l(-2).
4
Let k(m) = -2*m**3 - 60*m**2 + 13*m + 58. Give k(-30).
-332
Let s(p) = p**3 - 7*p**2 + 775*p - 6257. Calculate s(8).
7
Let q(y) = -y**3 + 47*y**2 - 75*y - 37. Give q(45).
638
Let c(s) = -s**2 - 39*s - 223. What is c(-18)?
155
Let j(g) = g**2 + 54*g + 113. Give j(-51).
-40
Let h(s) = 5*s**3 - 4*s**2 + 61*s + 190. Determine h(-3).
-164
Let g(z) = 348*z + 29561. Calculate g(-85).
-19
Let m(c) = -10*c**2 + 10*c + 12. What is m(-2)?
-48
Let g(b) = b**2 - 33*b + 325. Give g(17).
53
Let b(n) = -n**3 - 33*n**2 + 2*n + 99. Determine b(-33).
33
Let c(i) = -i**2 + i + 702. Give c(27).
0
Let l(t) = 15*t + 130. Calculate l(-10).
-20
Let c(o) = -66*o + 308. Determine c(5).
-22
Let j(w) = 39*w**2 - 4464*w - 2424. Determine j(115).
-9
Let r(c) = -c**3 + 13*c**2 + 108*c - 30. Give r(-6).
6
Let f(w) = -17*w + 180. Determine f(15).
-75
Let j(x) = 44*x + 1. Determine j(-3).
-131
Let n(a) = 658*a + 16445. What is n(-25)?
-5
Let j(h) = -171*h - 3807. What is j(-21)?
-216
Let g(v) = v**3 + v**2 - 20*v + 79. Give g(3).
55
Let m(q) = 16*q + 62. Calculate m(-4).
-2
Let z(o) = -3*o**2 - 206*o - 413. What is z(-2)?
-13
Let b(i) = -2*i**3 - 21*i**2 - 28*i - 15. Calculate b(-9).
-6
Let n(a) = 4*a**3 + 55*a**2 - 2*a + 81. What is n(-14)?
-87
Let y(c) = -2*c**2 - 61*c - 93. What is y(-29)?
-6
Let s(w) = w**2 - 12*w - 35. What is s(12)?
-35
Let g(j) = 2*j**3 + 313*j**2 + 147*j - 1409. Calculate g(-156).
-5
Let h(f) = f**2 + 3069*f - 162288. What is h(52)?
4
Let m(o) = o**2 - 697*o - 4899. Calculate m(-7).
29
Let w(p) = -493*p + 11. Give w(0).
11
Let l(w) = -w**3 - 18*w**2 - 8. Give l(-18).
-8
Let s(p) = -2*p**3 + p**2 - 8*p + 20. Give s(4).